?
8
Let u(d) = -d**3 - 21*d**2 + 343*d - 193. What is the tens digit of u(-32)?
9
Suppose 144*u - 147*u = 8832. Let f = -1889 - u. What is the thousands digit of f?
1
Let x = -96 - -114. Suppose x*z - 14*z - 300 = 0. What is the units digit of z?
5
Suppose 16 = 20*f - 16*f. Suppose 0 = 3*u - f*p - 6, 0 = 4*u - 5*p - 8. Suppose -2*k + k - 80 = -5*v, -48 = -3*v - u*k. What is the units digit of v?
6
Let j = 121 - 118. Suppose -4*i = -4, j*d - 213 - 224 = 4*i. What is the hundreds digit of d?
1
Let j(i) = -2*i**3 + 21*i**2 - 13*i - 8. Let s(d) = 2*d**2 - d. Let y(g) = -j(g) + 5*s(g). What is the tens digit of y(6)?
9
Let j = 138 + -136. Suppose -4*u + 3637 = 3*d, j*d = -9 - 1. What is the tens digit of u?
1
Suppose -3*m - 2*m + 105 = 0. Let t(o) = -1927*o + 5918. Let l be t(3). Let y = m + l. What is the units digit of y?
8
Suppose -185*v + 190*v - 10 = 0. Suppose 0 = -v*l - 3*x + 351, 5*l + 0*x = x + 852. What is the tens digit of l?
7
Suppose 5*m - 641 = -241. Suppose -d = 7*d - m. Let z(r) = r**3 - 11*r**2 + 16*r - 29. What is the units digit of z(d)?
1
What is the ten thousands digit of -115 - -112 - ((-2)/(-6) - (-32383)/(-3))?
1
Let y(n) = 33*n**3 + 1 - 15*n**3 + 15*n**2 - 17*n**3 + 15*n. Let u be y(-12). Suppose 2*s = 3*x + u, 4*s + 4*x + 64 = 560. What is the tens digit of s?
2
Suppose 4*z - 48 = 3*u - 7*u, -4*u + 45 = 5*z. What is the tens digit of 11687/u - 130/975?
7
Let o = 14244 + -10034. Suppose 0 = -4*b + 4*k + k + 3359, -o = -5*b - 5*k. What is the units digit of b?
1
What is the tens digit of (-883805)/26*(36/(-45) - 0)?
9
Let r be (0/(3/(1 + 2)))/(-1). Suppose r = -10*h - 8*h + 11934. What is the units digit of h?
3
Suppose -3*q + 14025 = -28*q. Let h = q + 737. What is the tens digit of h?
7
What is the hundreds digit of 193 + -90 + 6 + -2?
1
Suppose 4*h = -4*s - 0*s + 20, 0 = 2*h + 3*s - 13. Suppose 4*w = h - 2. Suppose a - 17 - 39 = w. What is the tens digit of a?
5
Suppose -t - 2*r = -1426, 0 = t - 10*r + 5*r - 1391. Suppose t = 17*h - 1117. What is the hundreds digit of h?
1
Suppose 4*n = -20*n + 8808. Suppose 2*m - 126 + 44 = 0. Suppose -n = -2*i - m. What is the units digit of i?
3
Let q(z) = z**2 + 11*z + 11. Let d be q(-10). Let o be (-3 - (780/(-4) - d)) + 3. Suppose -2*u = 5*m - 2*m - o, 5*m + 228 = 2*u. What is the units digit of u?
4
Let a = 4686 + -1928. What is the thousands digit of a?
2
Suppose 29*r - 580471 - 1007076 = 0. What is the hundreds digit of r?
7
What is the thousands digit of (7/(-49) - (-17853)/21)*8/2?
3
Let g be (934/(-4))/(25/50). Let c = 962 + g. What is the hundreds digit of c?
4
Let o(k) = -k**2 + 16*k - 15. Let l be o(12). Suppose -38*u + 2305 = -l*u. What is the tens digit of u?
6
Let i(w) = 12*w - 51. Let f be i(5). Suppose 3*u - f*m + 7*m - 1238 = 0, u - 390 = -5*m. What is the hundreds digit of u?
4
Let p = -278 + 1130. What is the hundreds digit of p?
8
Let q(y) = 2*y**3 - 252*y**2 + 7*y - 1727. What is the hundreds digit of q(127)?
4
Let a(s) = -s**2 - 6*s - 3. Let d be a(-4). Let j(q) = 49*q**3 - 4*q**2 + 4*q - 3. Let z be j(2). Suppose -54 = -d*o + z. What is the tens digit of o?
8
Let c be (4*-111)/(7*(-1)/7). Suppose c = 5*n - 4*n. What is the units digit of n?
4
Let g = 393 + -1281. Let c = -445 - g. What is the tens digit of c?
4
Let g(v) = 7*v - 17. Let z be g(5). Suppose -8*h = -62 - z. Let b(q) = -q**3 + 10*q**2 + 5*q - 19. What is the units digit of b(h)?
1
Let i(s) be the first derivative of -s**2/2 - 13*s + 42. Let j be i(-8). What is the tens digit of j/(-30)*249*(1 + 1)?
8
Suppose 3*k - 6 - 6 = 0, -24 = -4*f - 4*k. Suppose 686 = 3*x + 5*c, -2*c + 403 = f*x - 61. What is the tens digit of x?
3
Suppose 5*y + 2*t = t + 11, -5*y + 2*t = -23. Let n be (-9)/(-27) + -2 + (-625)/y. What is the hundreds digit of -16 + 13 + n/(-2)?
1
Let g = -606 - -1246. Suppose 4*f = -2*a + g, 3*f - 5*f = 2*a - 642. What is the hundreds digit of a?
3
Suppose -5*h = -5*b + b + 170668, 170588 = 4*b + 5*h. What is the thousands digit of b?
2
Suppose -2*v - 3*l + 4*l = -4, l - 10 = -5*v. Let k be 6/2 - (-2 - v - -5). Suppose -4*g + 208 = 3*b + 51, -k*g + 271 = 5*b. What is the units digit of b?
5
Let i = 34 - 25. Suppose 0 = 5*h + 3*f - 7339, 4*h + 5*f = i*f + 5884. What is the hundreds digit of h?
4
Let c = 1835 + -1149. Let u = c - 180. What is the units digit of u?
6
Suppose 0 = w + 149 - 153. What is the tens digit of ((-4)/w)/(2/420*-1)?
1
Let y(f) = -144*f**3 - f. Let j be y(-1). Let g = 267 - j. Let t = g + -109. What is the units digit of t?
3
Suppose 67*a - 1048176 = 19*a. What is the hundreds digit of a?
8
Let t = 18714 - 12262. What is the thousands digit of t?
6
Suppose 0*d + 2*j = 2*d - 14, 3*j = -d - 13. Suppose 2*q = -3*i + 43, 0*i = -5*q - d*i + 80. Suppose -72 = 10*k - q*k. What is the tens digit of k?
1
Let b = -1574 + 9445. What is the units digit of b?
1
Let d be -9*5 + (15 - 15). Let m be ((-1582)/(-21))/(6/d). What is the units digit of 1/((-5)/m + 0)?
3
Let v be (-19 - -185) + 0 + -1 + -1. Suppose -4*n + v + 196 = 0. What is the tens digit of n?
9
Suppose 0 = b - 5*i - 16, 0*b + b - 3*i - 10 = 0. Let w be (-1)/b - (-2 + -1). Suppose 5*l - 15 = 10, w*r - 2*l = 132. What is the tens digit of r?
7
Let p = -2783 + 3225. What is the units digit of p?
2
Suppose -1047*b + 276*b = -52404099. What is the hundreds digit of b?
9
Let l(f) = 27*f**2 + 6*f + 3. Let z be l(6). Suppose y = 2*v + 333, 3*y + 0*y = 2*v + z. What is the tens digit of y?
3
Let x(g) = -g**3 - 19*g**2 - 2*g - 42. Let q(u) = u**2 + 19*u + 29. Let c be q(-16). Let b be x(c). What is the tens digit of b + (71 - (-4 + 4))?
6
Suppose 0 = -91*m - 0*m + 89017 + 1285629. What is the ten thousands digit of m?
1
What is the ten thousands digit of 16/7 + (-126750351)/(-1911)?
6
Suppose 3*p - 135 = -144. What is the tens digit of (-30)/(-20)*46/p*-32?
3
Suppose -3 = 4*b + 1. Let f(r) be the second derivative of -15*r**3/2 - 2*r**2 + 378*r. What is the tens digit of f(b)?
4
What is the tens digit of (-549 - -1)/((-20)/495*11)?
3
Let x be 28/(-6)*18/(-12). Suppose x*v = 1170 + 433. What is the tens digit of v?
2
Let m(w) = 12*w + 2302. What is the units digit of m(40)?
2
Let z = -107 + 172. Suppose -2*d - 96 = -4*t, 3*t - d = 4*d + z. Let p = t - 5. What is the tens digit of p?
2
Let h(m) = -m**2 + 7*m - 7. Let t be h(6). Let j be 3 - -213 - (t + -3). What is the units digit of 12/5*j/8?
6
Let r = 6621 + -9721. Let t be 6/(-16) - r/160. Suppose -4*q + 55 = t. What is the units digit of q?
9
Let x = -121 + 223. Let t = 131 - x. What is the tens digit of t?
2
Let g = -13676 + 21670. What is the units digit of g?
4
Suppose 0 = 4*i - 4*u - 4, 2*u = 3*i - 7 + 1. Suppose -i*y + y = -9. What is the units digit of (4/(-6))/((-2)/y)?
1
Let j = 13308 - 12014. What is the tens digit of j?
9
Let a = -28895 + 54996. What is the thousands digit of a?
6
Suppose -f + 3*k + 15 = 0, 0*f - 10 = 2*f + 4*k. Suppose 10*x - 49 = f*x. Suppose x*c - c = 288. What is the units digit of c?
8
Suppose 0 = 2*j - 5*a - 66591, 2*j - 2*a - 106643 + 40067 = 0. What is the ten thousands digit of j?
3
Let v = 26589 + -7793. What is the thousands digit of v?
8
Suppose 30*r + 183038 = 3*n + 34*r, -r = 1. What is the units digit of n?
4
Suppose q = -4*w - 4*q - 27, 5*w - 4*q + 44 = 0. Let u(c) = c**2 + 9*c. Let k be u(w). Let m(z) = 2*z**2 + 7*z + 10. What is the tens digit of m(k)?
8
Let w(h) = -2*h**2 - 1. Let f be w(-1). Let t(v) = v**2 + 4*v + 1. Let q be t(f). What is the tens digit of ((-18)/7)/(q/84)?
0
Suppose 317*x - 4*f = 319*x - 29618, -4*x - f = -59250. What is the thousands digit of x?
4
What is the units digit of (-17)/((-425)/5370) + 8/40?
5
Suppose 4*j - 16 = -4*w - 0*w, 0 = w - 3*j + 4. Suppose 11 - w = -u. What is the units digit of u/((-18)/(-4)) + 5?
3
Suppose -2*g - 10*q + 8*q = -8806, -2*q = 3*g - 13206. What is the thousands digit of g?
4
Let m be 3/4*(-424)/(-106). Let n = 1011 + -507. Suppose -n - 312 = -m*x. What is the hundreds digit of x?
2
Let z(p) = -3*p**3 - 8*p**2 + 22. Let u be z(-5). Let t = u + -161. What is the tens digit of t?
3
Let b = 1746 - 3484. Let i = b + 3148. What is the tens digit of i?
1
Suppose -2*i - 4*r = 8, 4*r - 15 + 41 = -5*i. Let m be 6/18 + (-766)/i. Suppose 2*h - 60 = -2*b, -4*h - m = -0*b - 4*b. What is the u